x + 2*i. Let r be 12/x + -1 + -7. Let f(c) = -c**3 - 5*c**2 - 4. What is f(r)?
-20
Let i(s) = s**2 + 4 - 5 - 5*s + 5. Suppose -2*q - k + 4 = 2*k, -q - k + 2 = 0. Let w be 0/q + 5 + 0. Determine i(w).
4
Let n(i) be the second derivative of -i**5/20 + 5*i**4/12 - i**3/6 - 12*i**2 + 143*i. Calculate n(4).
-12
Suppose 52 - 164 = 24*w + 32*w. Let o(p) be the first derivative of p**3/3 + p**2 + p - 1. Calculate o(w).
1
Let y(g) = -2*g**2 + 20*g - 25. Suppose 0 = 4*a - 3*u - 19, -4*a = 3*u + 953 - 1014. Give y(a).
-25
Suppose -t = t. Let s(v) = -22*v**3 - 7*v**2 - 10. Let j(z) = 19*z**3 + 6*z**2 + 9. Let q(m) = -7*j(m) - 6*s(m). Determine q(t).
-3
Let u(i) = -2*i**2 - 3*i + 9. Suppose -67 + 52 = 3*y. Let c be -2*(-2 - -7)*(-2)/y. What is u(c)?
-11
Let o(m) = -m**2 - 6*m - 2. Let r = 367 - 367. Suppose 0 = -p - 0*p - x + 5, 5*p - 2*x - 53 = 0. Suppose p*z - 13*z - 16 = r. Calculate o(z).
6
Let k = -775 + 778. Let l(m) = -m**k - 3 - 5 + 31*m**2 - 10*m - 38*m**2 + 0*m - 1. Calculate l(-6).
15
Let t(l) = 7*l**2 + 2*l - 2. Suppose 0 = 5*p, -2*x - 3*x = 5*p - 5. Let f be 3/x + 15/(-3). Give t(f).
22
Let m(w) = -w**3 - 12*w**2 - 25*w - 8. Let z be 2*1 - 55/((-550)/(-120)). Give m(z).
42
Let b(i) = i**3 + i. Let l(w) = -3*w - 97. Let h(o) = -4*o - 146. Let d(q) = 5*h(q) - 8*l(q). Let t be d(-12). Determine b(t).
-10
Suppose 3*g + 3 = -6, 4*f - 4*g = 12. Let l(v) = -v - 13. Let j(p) = -5*p - 66. Let a(q) = 2*j(q) - 11*l(q). Give a(f).
11
Let o(p) = -27*p**2 - 109*p - 11. Let n be o(-4). Let m(s) = -2 - s + 0 + 0. Determine m(n).
5
Suppose 31337*h = 31333*h - 52. Let z(s) = -6*s - 86. What is z(h)?
-8
Let b(r) = -16 - 9*r + 91954*r**2 - 91953*r**2 - 11*r - 26 + 16. Calculate b(21).
-5
Let c(d) be the third derivative of -d**6/360 + d**5/15 - d**4/8 - 11*d**3/2 - 137*d**2. Let j(s) be the second derivative of c(s). What is j(7)?
-6
Let o(l) = 2*l**3 + l + 1. Let a(c) = 75*c**3 + 3*c**2 + 14*c + 12. Let y(q) = -a(q) + 11*o(q). Give y(-1).
52
Let i(l) = -l**3 + 7*l**2 + 23*l - 49. Let q be (-4 - -13)*10/20*2. Determine i(q).
-4
Let x(s) = 44*s**3 + 19*s**2 + 18*s + 44. Let r(g) = -35*g**3 - 19*g**2 - 18*g - 45. Let h(d) = -5*r(d) - 4*x(d). Give h(20).
9
Suppose -2*n + 4 - 18 = 3*u, 3*u + 8 = 4*n. Suppose r = -4*r - 10, -5*v - r = -8. Let k(d) = -4*d**2 + 10*d**3 + 1 + 4*d**2 - d**v - 2*d**3. Calculate k(n).
-8
Let b(x) = x**3 - 17*x**2 + 31*x + 3. Suppose 5*j + 78*l - 77 = 79*l, j + 8*l + 1 = 0. What is b(j)?
18
Suppose 59*n + 210 = -11*n. Let s(y) = 8*y**2 + 3*y. Give s(n).
63
Let w(j) = 19*j**2 + 13*j + 4. Let n be w(-1). Let u(v) = v - v**2 + 8 + 10*v - 2*v. What is u(n)?
-2
Let m(l) = -30*l - 2. Let c = 2655 + -2653. Determine m(c).
-62
Let u(m) = m**3 + 11*m**2 + 11*m + 17. Let h = 1998 + -2008. What is u(h)?
7
Let x(u) = -u**2 - u - 6. Suppose 24*y = 32 + 40. Let d = 7 - 6. Suppose -o - 2 = n, -2*n - y = 5*o + d. Give x(o).
-6
Let s be 17*(-3)/9 - 8/84*-7. Let j(i) = 16*i + 78. What is j(s)?
-2
Let s(q) = -q**3 + q**2 - 49*q + 242. Let k be s(4). Let h(d) be the second derivative of -d**5/20 - d**4/4 + d**3/6 + 2*d**2 + d. Give h(k).
-2
Let w(x) = -x**3 - 13*x**2 - 11*x + 11. Let g be (2 + 76/(-8))*(-8)/3. Suppose -3*c - b - 38 = 0, 3*c - c - 2*b = -g. Determine w(c).
-1
Let h(p) be the third derivative of p**4/3 - 46*p**3/3 + 450*p**2 + 6. What is h(10)?
-12
Let s(y) be the third derivative of y**4/24 + 6*y**3 + 212*y**2 + 2*y. Give s(-14).
22
Let a(v) be the first derivative of -v**4/4 - 4*v**3/3 + 3*v**2/2 + 5*v + 4. Let c be 5/(-4) - (14436/16)/(-9). Suppose 94*u - c*u = 20. Determine a(u).
-7
Let v(c) = 12*c - 93. Suppose 5*s - 28 = 2*y, -59*s + 5*y - 54 = -62*s. Give v(s).
3
Let q(x) be the second derivative of 5*x**4/12 + 17*x**3/2 + 13*x**2/2 + 918*x + 8. Determine q(-10).
3
Let a(b) = b**2 + 8*b - 9. Let o be 474/(-39) + 4/26. Let w be 2/(3/(-108) - 3/o). Let t be (-32)/(-6)*(-1)/(6/w). What is a(t)?
-9
Let x(j) = 23*j + 210. Suppose 0 = 4*o + a + 17 + 17, -5*a - 44 = 6*o. Calculate x(o).
3
Suppose 0 = v - 4*v + 471. Let u be v/5 + (-15)/(-25) - -1. Let q be 27/(-4) + u/44. Let c(a) = -a**2 - 9*a - 2. Determine c(q).
16
Suppose 2*r - 2*f = -6, -2*r - 50*f + 55*f - 18 = 0. Let c(x) = 86*x**3 + x**2 - x. Determine c(r).
86
Let h(z) = z. Let u(w) = w - 12. Suppose 0*x - x - 2*f - 4 = 0, 7 = 2*x - f. Let i(t) = x*h(t) - u(t). Suppose 0 = o + 7 - 2. Determine i(o).
7
Let g(q) = -3*q - 4. Let y be g(-3). Let p(t) = -2*t + 50. Let a(m) = -m + 23. Let r(d) = -13*a(d) + 6*p(d). Calculate r(y).
6
Let w(j) = -7*j + 1. Let m(y) = -4*y**2 + 19*y - 1. Let r be m(5). Let k(x) = -8*x. Let t(c) = r*k(c) + 7*w(c). Give t(3).
4
Let u(k) = 3*k**2 - 12*k - 67. Let q(y) = 157*y - 1405. Let t be q(9). What is u(t)?
29
Let h be 3/(-2)*(-4 + 7 - 5). Let c(w) = -2*w**h + w**3 + 0*w**3 - 7*w**2 + 314 + w - 302. Calculate c(-7).
5
Let f(w) = 6*w**2 + 30*w - 8. Suppose 900 - 915 = 3*j. What is f(j)?
-8
Suppose -3*a - 25 = 5*k - 13, 9 = -3*k. Let v(t) = 8 - 25 + 4 + 10 + a - 7*t. What is v(5)?
-37
Let g(a) = 2*a**3 - 8*a**2 - 2*a - 13. Let l(p) = p**3 - 7*p**2 - 2*p - 11. Let d(i) = 4*g(i) - 5*l(i). Calculate d(-2).
-13
Let j(t) = -t**3 + 18*t**2 - 17*t - 6. Suppose 5*z = 93 - 8. Calculate j(z).
-6
Let s(c) = -2*c**3 - 3*c**2 - 7*c + 15. Let k(h) = -5*h**3 - 7*h**2 - 15*h + 34. Let u(x) = -3*k(x) + 7*s(x). What is u(4)?
51
Let i be 345/(-23) + 136/8. Let z(w) = 16*w + 3. What is z(i)?
35
Let x(d) be the second derivative of -7/24*d**4 - 1/60*d**5 + 13*d**2 - 26*d + 0 + 2/3*d**3. Let b(w) be the first derivative of x(w). What is b(-7)?
4
Let q(d) = d**3 + 8*d**2 - 10*d - 7. Let w be q(-9). Let k(r) be the first derivative of 2*r**3/3 + r**2/2 - r - 2760. Calculate k(w).
9
Let v(d) = d + 5. Let a(u) = -2. Let s(l) = -5*a(l) - 2*v(l). Suppose 349*f + 5 = -693. Give s(f).
4
Let q(g) = -g + 14. Suppose 3*j + 1776 = -207. Let f = j - -654. What is q(f)?
21
Let g(x) = -x. Let t(d) = -3*d**2 + 4*d + 3. Let m be t(-1). Let y(a) = -3*a + 5. Let r(j) = m*g(j) + y(j). Let o be (-6)/(-4)*(-16)/(-6). Determine r(o).
9
Let v(z) = z**3 + 7*z**2 + 9*z + 6. Let q(m) = -2*m**2 + 11*m + 27. Let o be q(13). Let i = o - -162. Give v(i).
-12
Let r = 1273 - 1279. Let t(k) = -k + 14. Calculate t(r).
20
Let y(w) = -23*w**3 - 5*w**2 + w + 3*w + 51*w**3 + 5 - 27*w**3. Suppose -4*h - 3*h = -49. Let k be (-69)/(-15) + -2 + h/5. Give y(k).
5
Let d(m) = 2*m**2 - 4*m + 4. Let l = -36 - -37. Let h be 0/5 + 0 - (3 - l). Let o be (-110)/(-40) + h/(-8). What is d(o)?
10
Let r(w) = -w + 2. Suppose -4*p - 10 = -l, 2*l + 1 + 3 = -4*p. Suppose -4*b = -l*f - 100, -b + 12 = 4*f - 13. Suppose -3*x = -4 + b. Determine r(x).
9
Let r(o) = -592 + o**2 + 152 + 152 + 151 + 135. Let b = 3 + -1. Calculate r(b).
2
Let a(u) = u**2 + 8*u + 3. Let b(l) = -23*l + 520. Let i be b(23). Give a(i).
12
Let o(c) be the first derivative of -c**4/4 - 2*c**3 + 9*c**2/2 + 27*c + 1252. What is o(-7)?
13
Let p(n) = -n**2 - 3*n + 3. Let g(u) = u**3 - 17*u**2 - 17. Let a = 26 + -9. Let i be g(a). Let h(t) = t**2 + 16*t - 20. Let v be h(i). Give p(v).
3
Let g be 68/6 + 6/(-18). Let f(t) = -t**2 + 19*t + 2. Let q(n) = 2*n**2 - 46*n - 3. Let x(h) = -3*f(h) - q(h). Give x(g).
-3
Let z(l) = 3*l**2 + 3*l + 1. Let f(m) = -m**3 - 9*m**2 - 15*m + 1. Let q(g) = f(g) + 5*z(g). Give q(6).
6
Let u(p) = -12*p - 7*p - 8*p - 9 + 20*p. What is u(10)?
-79
Let f(g) be the first derivative of -19*g**2/2 + 35*g + 9348. Calculate f(2).
-3
Suppose 953*s - 974*s + 4 = 88. Let u(k) = -k**3 - 3*k**2 + k - 15. Calculate u(s).
-3
Let r(f) be the first derivative of -3*f**2/2 + 21*f + 5925. Give r(5).
6
Let k(i) = i**2 + 24*i + 38. Let w be k(-22). Let b be (-16)/(-7)*(-21)/w. Let q(p) = 9 + 10 - 18 - b*p. Calculate q(-1).
9
Let p(s) = -s**3 + 136*s - 241*s + 8*s**2 + 4 - 12 + 115*s. Determine p(8).
72
Let x(u) be the second derivative of -u**6/720 - u**5/24 - u**4/12 - 9*u**2/2 - 24*u. Let i(r) be the third derivative of x(r). Determine i(9).
-14
Let t(k) = 60*k + 8. Let q(p) = 138*p + 17. Let a(i) = 3*q(i) - 7*t(i). Determine a(7).
-47
Let f(a) = a - 7. Suppose -27 = -0*u - 9*u. Suppose k + 15 = -3*k + u*p, -4*k = 2*p - 10. Give f(k).
-7
Let w(h) = -63 + 83 - 10 - 10*h - h. Determine w(0).
10
Suppose -173*m + 441 = -79*m + 65. Let z(q) = -q**2 + 4*q - 3*q + 4*q. Give z